{"id":4717,"date":"2025-04-07T15:52:25","date_gmt":"2025-04-07T15:52:25","guid":{"rendered":"https:\/\/crp.ba\/?page_id=4717"},"modified":"2025-04-07T15:54:16","modified_gmt":"2025-04-07T15:54:16","slug":"vijesti","status":"publish","type":"page","link":"https:\/\/crp.ba\/index.php\/vijesti\/","title":{"rendered":"Vijesti"},"content":{"rendered":"\t\t<div data-elementor-type=\"wp-page\" data-elementor-id=\"4717\" class=\"elementor elementor-4717\" data-elementor-post-type=\"page\">\n\t\t\t\t<div class=\"elementor-element elementor-element-35f1f45a e-con-full e-flex e-con e-child\" data-id=\"35f1f45a\" data-element_type=\"container\">\n\t\t<div class=\"elementor-element elementor-element-7baa6df9 e-con-full e-flex e-con e-child\" data-id=\"7baa6df9\" data-element_type=\"container\">\n\t\t<div class=\"elementor-element elementor-element-12de0934 e-con-full e-flex e-con e-child\" data-id=\"12de0934\" data-element_type=\"container\">\n\t\t\t\t<div class=\"elementor-element elementor-element-2aece24 elementor-widget elementor-widget-heading\" data-id=\"2aece24\" data-element_type=\"widget\" data-widget_type=\"heading.default\">\n\t\t\t\t<div class=\"elementor-widget-container\">\n\t\t\t\t\t<h2 class=\"elementor-heading-title elementor-size-default\"><p style=\"background-color: #d6e6f8;color: #000;padding: 15px;padding-left: 25px;padding-right: 25px;border-radius: 40px;display: inline-block\">Glas zajednice<\/h2>\t\t\t\t<\/div>\n\t\t\t\t<\/div>\n\t\t\t\t<div class=\"elementor-element elementor-element-5e159c6c elementor-invisible elementor-widget elementor-widget-heading\" data-id=\"5e159c6c\" data-element_type=\"widget\" data-settings=\"{&quot;_animation&quot;:&quot;themeFadeInUp&quot;}\" data-widget_type=\"heading.default\">\n\t\t\t\t<div class=\"elementor-widget-container\">\n\t\t\t\t\t<h2 class=\"elementor-heading-title elementor-size-default\">Vijesti iz CRP-a<\/h2>\t\t\t\t<\/div>\n\t\t\t\t<\/div>\n\t\t\t\t<div class=\"elementor-element elementor-element-45501fcb elementor-widget elementor-widget-text-editor\" data-id=\"45501fcb\" data-element_type=\"widget\" data-widget_type=\"text-editor.default\">\n\t\t\t\t<div class=\"elementor-widget-container\">\n\t\t\t\t\t\t\t\t\t<blockquote data-start=\"151\" data-end=\"236\"><p class=\"\" data-start=\"153\" data-end=\"236\"><em data-start=\"153\" data-end=\"236\">\u201cNajnovije vijesti iz zajednice koje promovi\u0161u solidarnost, saradnju i dru\u0161tvene promjene. Budite informisani i inspirisani svakim danom.\u201d<\/em><\/p><\/blockquote>\t\t\t\t\t\t\t\t<\/div>\n\t\t\t\t<\/div>\n\t\t\t\t<\/div>\n\t\t\t\t<\/div>\n\t\t<div class=\"elementor-element elementor-element-7c211987 e-flex e-con-boxed e-con e-child\" data-id=\"7c211987\" data-element_type=\"container\">\n\t\t\t\t\t<div class=\"e-con-inner\">\n\t\t\t\t<div class=\"elementor-element elementor-element-421c215e elementor-widget elementor-widget-elementskit-blog-posts\" data-id=\"421c215e\" data-element_type=\"widget\" data-widget_type=\"elementskit-blog-posts.default\">\n\t\t\t\t<div class=\"elementor-widget-container\">\n\t\t\t\t\t<div class=\"ekit-wid-con\" >        <div id=\"post-items--421c215e\" class=\"row post-items\">\n                    <div class=\"col-lg-4 col-md-6\">\n\n                                    <div class=\"elementskit-post-image-card\">\n                        <div class=\"elementskit-entry-header\">\n                                                            <a href=\"https:\/\/crp.ba\/index.php\/otvorene-prijave-za-besplatnu-prakticnu-radionicu-o-ai-alatima-za-rast-poslovanja\/\" class=\"elementskit-entry-thumb\">\n                                    <img decoding=\"async\" src=\"https:\/\/crp.ba\/wp-content\/uploads\/2026\/01\/bloom-IG-post-1-819x1024.png\" alt=\"Otvorene prijave za besplatnu prakti\u010dnu radionicu o AI alatima za rast poslovanja\u00a0\">\n                                <\/a><!-- .elementskit-entry-thumb END -->\n                                                            \n                            \n\t\t\t\t\t\t\t\t\t\t\t\t\t<\/div><!-- .elementskit-entry-header END -->\n\n\t\t\t\t\t\t<div class=\"elementskit-post-body \">\n\t\t\t\t\t\t\t\n\t\t\t\t\t\t\t\t\t\t\t\t\t\t\t\t\t\t\t\t\t\t\t\t\t\t\t\t<div class=\"post-meta-list\">\n\t\t\t\t\t\t\t\t\t\t\t\t\t\t\t\t\t\t\t\t\t\t\t\t\t\t\t\t\t\t\t\t<span class=\"meta-date\">\n\t\t\t\t\t\t\t\t\t\t\t\t\t\t\t\t\t\t\t\t<span class=\"meta-date-text\">\n\t\t\t\t\t\t\t\t\t\t\t20 Januara, 2026\t\t\t\t\t\t\t\t\t\t<\/span>\n\t\t\t\t\t\t\t\t\t<\/span>\n\t\t\t\t\t\t\t\t\t\t\t\t\t\t\t\t\t\t\t\t\t\t\t\t\t\t\t\t\t\t\t\t\t\t\t\t\t<\/div>\n\t\t\t\t\t\t\t\t\t\t\t\t\t\n\t\t\t\t\t\t\t\t\n\t\t\t\t\t\t\t\t\t\t\t\t\t\t\t\t\t\t\t\t\t<h2 class=\"entry-title\">\n\t\t\t\t\t<a href=\"https:\/\/crp.ba\/index.php\/otvorene-prijave-za-besplatnu-prakticnu-radionicu-o-ai-alatima-za-rast-poslovanja\/\">\n\t\t\t\t\t\tOtvorene prijave za besplatnu prakti\u010dnu radionicu o AI alatima za rast poslovanja\u00a0\t\t\t\t\t<\/a>\n\t\t\t\t<\/h2>\n\t\t\t\t\t\t\t\t\t\t\t\t\t\t\t\t\t\t\t\t\t\t\t\t\t\t\t\t\t\t\t\t                                                            <div class=\"btn-wraper\">\n                                    \n                                                                            <a class=\"elementskit-btn vise-dugme whitespace--normal\" id=\"\" href=\"https:\/\/crp.ba\/index.php\/otvorene-prijave-za-besplatnu-prakticnu-radionicu-o-ai-alatima-za-rast-poslovanja\/\">\n                                        \t                                            Vi\u0161e                                        <\/a>\n                                                                    <\/div>\n                                                    <\/div><!-- .elementskit-post-body END -->\n                    <\/div>\n                \n            <\/div>\n                    <div class=\"col-lg-4 col-md-6\">\n\n                                    <div class=\"elementskit-post-image-card\">\n                        <div class=\"elementskit-entry-header\">\n                                                            <a href=\"https:\/\/crp.ba\/index.php\/pocetak-i-nastavak-predstavljanje-druge-generacije-vlasnika-startup-a\/\" class=\"elementskit-entry-thumb\">\n                                    <img decoding=\"async\" src=\"https:\/\/crp.ba\/wp-content\/uploads\/2025\/12\/Promocija-startupa-1.png\" alt=\"Po\u010detak i nastavak &#8211; predstavljanje druge generacije vlasnika startup-a\">\n                                <\/a><!-- .elementskit-entry-thumb END -->\n                                                            \n                            \n\t\t\t\t\t\t\t\t\t\t\t\t\t<\/div><!-- .elementskit-entry-header END -->\n\n\t\t\t\t\t\t<div class=\"elementskit-post-body \">\n\t\t\t\t\t\t\t\n\t\t\t\t\t\t\t\t\t\t\t\t\t\t\t\t\t\t\t\t\t\t\t\t\t\t\t\t<div class=\"post-meta-list\">\n\t\t\t\t\t\t\t\t\t\t\t\t\t\t\t\t\t\t\t\t\t\t\t\t\t\t\t\t\t\t\t\t<span class=\"meta-date\">\n\t\t\t\t\t\t\t\t\t\t\t\t\t\t\t\t\t\t\t\t<span class=\"meta-date-text\">\n\t\t\t\t\t\t\t\t\t\t\t26 Decembra, 2025\t\t\t\t\t\t\t\t\t\t<\/span>\n\t\t\t\t\t\t\t\t\t<\/span>\n\t\t\t\t\t\t\t\t\t\t\t\t\t\t\t\t\t\t\t\t\t\t\t\t\t\t\t\t\t\t\t\t\t\t\t\t\t<\/div>\n\t\t\t\t\t\t\t\t\t\t\t\t\t\n\t\t\t\t\t\t\t\t\n\t\t\t\t\t\t\t\t\t\t\t\t\t\t\t\t\t\t\t\t\t<h2 class=\"entry-title\">\n\t\t\t\t\t<a href=\"https:\/\/crp.ba\/index.php\/pocetak-i-nastavak-predstavljanje-druge-generacije-vlasnika-startup-a\/\">\n\t\t\t\t\t\tPo\u010detak i nastavak &#8211; predstavljanje druge generacije vlasnika startup-a\t\t\t\t\t<\/a>\n\t\t\t\t<\/h2>\n\t\t\t\t\t\t\t\t\t\t\t\t\t\t\t\t\t\t\t\t\t\t\t\t\t\t\t\t\t\t\t\t                                                            <div class=\"btn-wraper\">\n                                    \n                                                                            <a class=\"elementskit-btn vise-dugme whitespace--normal\" id=\"\" href=\"https:\/\/crp.ba\/index.php\/pocetak-i-nastavak-predstavljanje-druge-generacije-vlasnika-startup-a\/\">\n                                        \t                                            Vi\u0161e                                        <\/a>\n                                                                    <\/div>\n                                                    <\/div><!-- .elementskit-post-body END -->\n                    <\/div>\n                \n            <\/div>\n                    <div class=\"col-lg-4 col-md-6\">\n\n                                    <div class=\"elementskit-post-image-card\">\n                        <div class=\"elementskit-entry-header\">\n                                                            <a href=\"https:\/\/crp.ba\/index.php\/business-angel-summit-2025\/\" class=\"elementskit-entry-thumb\">\n                                    <img decoding=\"async\" src=\"https:\/\/crp.ba\/wp-content\/uploads\/2025\/10\/BAS-2.jpg\" alt=\"Business Angel Summit 2025\">\n                                <\/a><!-- .elementskit-entry-thumb END -->\n                                                            \n                            \n\t\t\t\t\t\t\t\t\t\t\t\t\t<\/div><!-- .elementskit-entry-header END -->\n\n\t\t\t\t\t\t<div class=\"elementskit-post-body \">\n\t\t\t\t\t\t\t\n\t\t\t\t\t\t\t\t\t\t\t\t\t\t\t\t\t\t\t\t\t\t\t\t\t\t\t\t<div class=\"post-meta-list\">\n\t\t\t\t\t\t\t\t\t\t\t\t\t\t\t\t\t\t\t\t\t\t\t\t\t\t\t\t\t\t\t\t<span class=\"meta-date\">\n\t\t\t\t\t\t\t\t\t\t\t\t\t\t\t\t\t\t\t\t<span class=\"meta-date-text\">\n\t\t\t\t\t\t\t\t\t\t\t17 Oktobra, 2025\t\t\t\t\t\t\t\t\t\t<\/span>\n\t\t\t\t\t\t\t\t\t<\/span>\n\t\t\t\t\t\t\t\t\t\t\t\t\t\t\t\t\t\t\t\t\t\t\t\t\t\t\t\t\t\t\t\t\t\t\t\t\t<\/div>\n\t\t\t\t\t\t\t\t\t\t\t\t\t\n\t\t\t\t\t\t\t\t\n\t\t\t\t\t\t\t\t\t\t\t\t\t\t\t\t\t\t\t\t\t<h2 class=\"entry-title\">\n\t\t\t\t\t<a href=\"https:\/\/crp.ba\/index.php\/business-angel-summit-2025\/\">\n\t\t\t\t\t\tBusiness Angel Summit 2025\t\t\t\t\t<\/a>\n\t\t\t\t<\/h2>\n\t\t\t\t\t\t\t\t\t\t\t\t\t\t\t\t\t\t\t\t\t\t\t\t\t\t\t\t\t\t\t\t                                                            <div class=\"btn-wraper\">\n                                    \n                                                                            <a class=\"elementskit-btn vise-dugme whitespace--normal\" id=\"\" href=\"https:\/\/crp.ba\/index.php\/business-angel-summit-2025\/\">\n                                        \t                                            Vi\u0161e                                        <\/a>\n                                                                    <\/div>\n                                                    <\/div><!-- .elementskit-post-body END -->\n                    <\/div>\n                \n            <\/div>\n                    <div class=\"col-lg-4 col-md-6\">\n\n                                    <div class=\"elementskit-post-image-card\">\n                        <div class=\"elementskit-entry-header\">\n                                                            <a href=\"https:\/\/crp.ba\/index.php\/poziv-za-ucesnike-akceleracionog-programa-sa-potpisanim-investicionim-ugovorom\/\" class=\"elementskit-entry-thumb\">\n                                    <img decoding=\"async\" src=\"https:\/\/crp.ba\/wp-content\/uploads\/2025\/10\/Vizual-2_akceleracija-1024x1024.jpg\" alt=\"Poziv za u\u010desnike akceleracionog programa sa potpisanim investicionim ugovorom\">\n                                <\/a><!-- .elementskit-entry-thumb END -->\n                                                            \n                            \n\t\t\t\t\t\t\t\t\t\t\t\t\t<\/div><!-- .elementskit-entry-header END -->\n\n\t\t\t\t\t\t<div class=\"elementskit-post-body \">\n\t\t\t\t\t\t\t\n\t\t\t\t\t\t\t\t\t\t\t\t\t\t\t\t\t\t\t\t\t\t\t\t\t\t\t\t<div class=\"post-meta-list\">\n\t\t\t\t\t\t\t\t\t\t\t\t\t\t\t\t\t\t\t\t\t\t\t\t\t\t\t\t\t\t\t\t<span class=\"meta-date\">\n\t\t\t\t\t\t\t\t\t\t\t\t\t\t\t\t\t\t\t\t<span class=\"meta-date-text\">\n\t\t\t\t\t\t\t\t\t\t\t9 Oktobra, 2025\t\t\t\t\t\t\t\t\t\t<\/span>\n\t\t\t\t\t\t\t\t\t<\/span>\n\t\t\t\t\t\t\t\t\t\t\t\t\t\t\t\t\t\t\t\t\t\t\t\t\t\t\t\t\t\t\t\t\t\t\t\t\t<\/div>\n\t\t\t\t\t\t\t\t\t\t\t\t\t\n\t\t\t\t\t\t\t\t\n\t\t\t\t\t\t\t\t\t\t\t\t\t\t\t\t\t\t\t\t\t<h2 class=\"entry-title\">\n\t\t\t\t\t<a href=\"https:\/\/crp.ba\/index.php\/poziv-za-ucesnike-akceleracionog-programa-sa-potpisanim-investicionim-ugovorom\/\">\n\t\t\t\t\t\tPoziv za u\u010desnike akceleracionog programa sa potpisanim investicionim ugovorom\t\t\t\t\t<\/a>\n\t\t\t\t<\/h2>\n\t\t\t\t\t\t\t\t\t\t\t\t\t\t\t\t\t\t\t\t\t\t\t\t\t\t\t\t\t\t\t\t                                                            <div class=\"btn-wraper\">\n                                    \n                                                                            <a class=\"elementskit-btn vise-dugme whitespace--normal\" id=\"\" href=\"https:\/\/crp.ba\/index.php\/poziv-za-ucesnike-akceleracionog-programa-sa-potpisanim-investicionim-ugovorom\/\">\n                                        \t                                            Vi\u0161e                                        <\/a>\n                                                                    <\/div>\n                                                    <\/div><!-- .elementskit-post-body END -->\n                    <\/div>\n                \n            <\/div>\n                    <div class=\"col-lg-4 col-md-6\">\n\n                                    <div class=\"elementskit-post-image-card\">\n                        <div class=\"elementskit-entry-header\">\n                                                            <a href=\"https:\/\/crp.ba\/index.php\/otvoren-je-rise-green-digital-program-za-preduzetnice-koje-stvaraju-promjene\/\" class=\"elementskit-entry-thumb\">\n                                    <img decoding=\"async\" src=\"https:\/\/crp.ba\/wp-content\/uploads\/2025\/09\/Rise-green-and-digital-07-1024x576.jpg\" alt=\"Otvoren je Rise \u2013 Green &amp; Digital: Program za preduzetnice koje stvaraju promjene\">\n                                <\/a><!-- .elementskit-entry-thumb END -->\n                                                            \n                            \n\t\t\t\t\t\t\t\t\t\t\t\t\t<\/div><!-- .elementskit-entry-header END -->\n\n\t\t\t\t\t\t<div class=\"elementskit-post-body \">\n\t\t\t\t\t\t\t\n\t\t\t\t\t\t\t\t\t\t\t\t\t\t\t\t\t\t\t\t\t\t\t\t\t\t\t\t<div class=\"post-meta-list\">\n\t\t\t\t\t\t\t\t\t\t\t\t\t\t\t\t\t\t\t\t\t\t\t\t\t\t\t\t\t\t\t\t<span class=\"meta-date\">\n\t\t\t\t\t\t\t\t\t\t\t\t\t\t\t\t\t\t\t\t<span class=\"meta-date-text\">\n\t\t\t\t\t\t\t\t\t\t\t5 Septembra, 2025\t\t\t\t\t\t\t\t\t\t<\/span>\n\t\t\t\t\t\t\t\t\t<\/span>\n\t\t\t\t\t\t\t\t\t\t\t\t\t\t\t\t\t\t\t\t\t\t\t\t\t\t\t\t\t\t\t\t\t\t\t\t\t<\/div>\n\t\t\t\t\t\t\t\t\t\t\t\t\t\n\t\t\t\t\t\t\t\t\n\t\t\t\t\t\t\t\t\t\t\t\t\t\t\t\t\t\t\t\t\t<h2 class=\"entry-title\">\n\t\t\t\t\t<a href=\"https:\/\/crp.ba\/index.php\/otvoren-je-rise-green-digital-program-za-preduzetnice-koje-stvaraju-promjene\/\">\n\t\t\t\t\t\tOtvoren je Rise \u2013 Green &amp; Digital: Program za preduzetnice koje stvaraju promjene\t\t\t\t\t<\/a>\n\t\t\t\t<\/h2>\n\t\t\t\t\t\t\t\t\t\t\t\t\t\t\t\t\t\t\t\t\t\t\t\t\t\t\t\t\t\t\t\t                                                            <div class=\"btn-wraper\">\n                                    \n                                                                            <a class=\"elementskit-btn vise-dugme whitespace--normal\" id=\"\" href=\"https:\/\/crp.ba\/index.php\/otvoren-je-rise-green-digital-program-za-preduzetnice-koje-stvaraju-promjene\/\">\n                                        \t                                            Vi\u0161e                                        <\/a>\n                                                                    <\/div>\n                                                    <\/div><!-- .elementskit-post-body END -->\n                    <\/div>\n                \n            <\/div>\n                    <div class=\"col-lg-4 col-md-6\">\n\n                                    <div class=\"elementskit-post-image-card\">\n                        <div class=\"elementskit-entry-header\">\n                                                            <a href=\"https:\/\/crp.ba\/index.php\/javni-poziv-studijska-posjeta-fondacije-787\/\" class=\"elementskit-entry-thumb\">\n                                    <img decoding=\"async\" src=\"https:\/\/crp.ba\/wp-content\/uploads\/2025\/09\/posjeta-1024x576.jpg\" alt=\"Javni poziv: Studijska posjeta Fondacije 787\">\n                                <\/a><!-- .elementskit-entry-thumb END -->\n                                                            \n                            \n\t\t\t\t\t\t\t\t\t\t\t\t\t<\/div><!-- .elementskit-entry-header END -->\n\n\t\t\t\t\t\t<div class=\"elementskit-post-body \">\n\t\t\t\t\t\t\t\n\t\t\t\t\t\t\t\t\t\t\t\t\t\t\t\t\t\t\t\t\t\t\t\t\t\t\t\t<div class=\"post-meta-list\">\n\t\t\t\t\t\t\t\t\t\t\t\t\t\t\t\t\t\t\t\t\t\t\t\t\t\t\t\t\t\t\t\t<span class=\"meta-date\">\n\t\t\t\t\t\t\t\t\t\t\t\t\t\t\t\t\t\t\t\t<span class=\"meta-date-text\">\n\t\t\t\t\t\t\t\t\t\t\t2 Septembra, 2025\t\t\t\t\t\t\t\t\t\t<\/span>\n\t\t\t\t\t\t\t\t\t<\/span>\n\t\t\t\t\t\t\t\t\t\t\t\t\t\t\t\t\t\t\t\t\t\t\t\t\t\t\t\t\t\t\t\t\t\t\t\t\t<\/div>\n\t\t\t\t\t\t\t\t\t\t\t\t\t\n\t\t\t\t\t\t\t\t\n\t\t\t\t\t\t\t\t\t\t\t\t\t\t\t\t\t\t\t\t\t<h2 class=\"entry-title\">\n\t\t\t\t\t<a href=\"https:\/\/crp.ba\/index.php\/javni-poziv-studijska-posjeta-fondacije-787\/\">\n\t\t\t\t\t\tJavni poziv: Studijska posjeta Fondacije 787\t\t\t\t\t<\/a>\n\t\t\t\t<\/h2>\n\t\t\t\t\t\t\t\t\t\t\t\t\t\t\t\t\t\t\t\t\t\t\t\t\t\t\t\t\t\t\t\t                                                            <div class=\"btn-wraper\">\n                                    \n                                                                            <a class=\"elementskit-btn vise-dugme whitespace--normal\" id=\"\" href=\"https:\/\/crp.ba\/index.php\/javni-poziv-studijska-posjeta-fondacije-787\/\">\n                                        \t                                            Vi\u0161e                                        <\/a>\n                                                                    <\/div>\n                                                    <\/div><!-- .elementskit-post-body END -->\n                    <\/div>\n                \n            <\/div>\n                <\/div>\n       <\/div>\t\t\t\t<\/div>\n\t\t\t\t<\/div>\n\t\t\t\t\t<\/div>\n\t\t\t\t<\/div>\n\t\t\t\t<\/div>\n\t\t\t\t<\/div>\n\t\t","protected":false},"excerpt":{"rendered":"<p>Glas zajednice Vijesti iz CRP-a \u201cNajnovije vijesti iz zajednice koje promovi\u0161u solidarnost, saradnju i dru\u0161tvene promjene. Budite informisani i inspirisani svakim danom.\u201d 24 Marta, 2025 &#8220;Brendiranje u savremenom svijetu: Snaga klasi\u010dnih reklamnih materijala&#8221; Vi\u0161e<\/p>\n","protected":false},"author":6,"featured_media":4573,"parent":0,"menu_order":0,"comment_status":"closed","ping_status":"closed","template":"elementor_theme","meta":{"footnotes":""},"class_list":["post-4717","page","type-page","status-publish","has-post-thumbnail","hentry"],"yoast_head":"<!-- This site is optimized with the Yoast SEO plugin v27.1.1 - https:\/\/yoast.com\/product\/yoast-seo-wordpress\/ -->\n<title>Vijesti - CRP<\/title>\n<meta name=\"description\" content=\"Najnovije vijesti i pozitivne pri\u010de iz zajednice koje promovi\u0161u solidarnost, saradnju i dru\u0161tvene promjene. Budite informisani i inspirisani svakim danom.\" \/>\n<meta name=\"robots\" content=\"index, follow, max-snippet:-1, max-image-preview:large, max-video-preview:-1\" \/>\n<link rel=\"canonical\" href=\"https:\/\/crp.ba\/index.php\/vijesti\/\" \/>\n<meta property=\"og:locale\" content=\"bs_BA\" \/>\n<meta property=\"og:type\" content=\"article\" \/>\n<meta property=\"og:title\" content=\"Vijesti - CRP\" \/>\n<meta property=\"og:description\" content=\"Najnovije vijesti i pozitivne pri\u010de iz zajednice koje promovi\u0161u solidarnost, saradnju i dru\u0161tvene promjene. Budite informisani i inspirisani svakim danom.\" \/>\n<meta property=\"og:url\" content=\"https:\/\/crp.ba\/index.php\/vijesti\/\" \/>\n<meta property=\"og:site_name\" content=\"CRP\" \/>\n<meta property=\"article:modified_time\" content=\"2025-04-07T15:54:16+00:00\" \/>\n<meta property=\"og:image\" content=\"https:\/\/crp.ba\/wp-content\/uploads\/2025\/04\/viber_slika_2025-03-07_11-22-20-783.jpg\" \/>\n\t<meta property=\"og:image:width\" content=\"1200\" \/>\n\t<meta property=\"og:image:height\" content=\"1600\" \/>\n\t<meta property=\"og:image:type\" content=\"image\/jpeg\" \/>\n<meta name=\"twitter:card\" content=\"summary_large_image\" \/>\n<meta name=\"twitter:label1\" content=\"Est. reading time\" \/>\n\t<meta name=\"twitter:data1\" content=\"1 minuta\" \/>\n<script type=\"application\/ld+json\" class=\"yoast-schema-graph\">{\"@context\":\"https:\/\/schema.org\",\"@graph\":[{\"@type\":\"WebPage\",\"@id\":\"https:\/\/crp.ba\/index.php\/vijesti\/\",\"url\":\"https:\/\/crp.ba\/index.php\/vijesti\/\",\"name\":\"Vijesti - CRP\",\"isPartOf\":{\"@id\":\"https:\/\/crp.ba\/#website\"},\"primaryImageOfPage\":{\"@id\":\"https:\/\/crp.ba\/index.php\/vijesti\/#primaryimage\"},\"image\":{\"@id\":\"https:\/\/crp.ba\/index.php\/vijesti\/#primaryimage\"},\"thumbnailUrl\":\"https:\/\/crp.ba\/wp-content\/uploads\/2025\/04\/viber_slika_2025-03-07_11-22-20-783.jpg\",\"datePublished\":\"2025-04-07T15:52:25+00:00\",\"dateModified\":\"2025-04-07T15:54:16+00:00\",\"description\":\"Najnovije vijesti i pozitivne pri\u010de iz zajednice koje promovi\u0161u solidarnost, saradnju i dru\u0161tvene promjene. Budite informisani i inspirisani svakim danom.\",\"breadcrumb\":{\"@id\":\"https:\/\/crp.ba\/index.php\/vijesti\/#breadcrumb\"},\"inLanguage\":\"bs-BA\",\"potentialAction\":[{\"@type\":\"ReadAction\",\"target\":[\"https:\/\/crp.ba\/index.php\/vijesti\/\"]}]},{\"@type\":\"ImageObject\",\"inLanguage\":\"bs-BA\",\"@id\":\"https:\/\/crp.ba\/index.php\/vijesti\/#primaryimage\",\"url\":\"https:\/\/crp.ba\/wp-content\/uploads\/2025\/04\/viber_slika_2025-03-07_11-22-20-783.jpg\",\"contentUrl\":\"https:\/\/crp.ba\/wp-content\/uploads\/2025\/04\/viber_slika_2025-03-07_11-22-20-783.jpg\",\"width\":1200,\"height\":1600},{\"@type\":\"BreadcrumbList\",\"@id\":\"https:\/\/crp.ba\/index.php\/vijesti\/#breadcrumb\",\"itemListElement\":[{\"@type\":\"ListItem\",\"position\":1,\"name\":\"Home\",\"item\":\"https:\/\/crp.ba\/\"},{\"@type\":\"ListItem\",\"position\":2,\"name\":\"Vijesti\"}]},{\"@type\":\"WebSite\",\"@id\":\"https:\/\/crp.ba\/#website\",\"url\":\"https:\/\/crp.ba\/\",\"name\":\"CRP\",\"description\":\"Centar za razvoj poduzetni\u0161tva\",\"potentialAction\":[{\"@type\":\"SearchAction\",\"target\":{\"@type\":\"EntryPoint\",\"urlTemplate\":\"https:\/\/crp.ba\/?s={search_term_string}\"},\"query-input\":{\"@type\":\"PropertyValueSpecification\",\"valueRequired\":true,\"valueName\":\"search_term_string\"}}],\"inLanguage\":\"bs-BA\"}]}<\/script>\n<!-- \/ Yoast SEO plugin. -->","yoast_head_json":{"title":"Vijesti - CRP","description":"Najnovije vijesti i pozitivne pri\u010de iz zajednice koje promovi\u0161u solidarnost, saradnju i dru\u0161tvene promjene. Budite informisani i inspirisani svakim danom.","robots":{"index":"index","follow":"follow","max-snippet":"max-snippet:-1","max-image-preview":"max-image-preview:large","max-video-preview":"max-video-preview:-1"},"canonical":"https:\/\/crp.ba\/index.php\/vijesti\/","og_locale":"bs_BA","og_type":"article","og_title":"Vijesti - CRP","og_description":"Najnovije vijesti i pozitivne pri\u010de iz zajednice koje promovi\u0161u solidarnost, saradnju i dru\u0161tvene promjene. Budite informisani i inspirisani svakim danom.","og_url":"https:\/\/crp.ba\/index.php\/vijesti\/","og_site_name":"CRP","article_modified_time":"2025-04-07T15:54:16+00:00","og_image":[{"width":1200,"height":1600,"url":"https:\/\/crp.ba\/wp-content\/uploads\/2025\/04\/viber_slika_2025-03-07_11-22-20-783.jpg","type":"image\/jpeg"}],"twitter_card":"summary_large_image","twitter_misc":{"Est. reading time":"1 minuta"},"schema":{"@context":"https:\/\/schema.org","@graph":[{"@type":"WebPage","@id":"https:\/\/crp.ba\/index.php\/vijesti\/","url":"https:\/\/crp.ba\/index.php\/vijesti\/","name":"Vijesti - CRP","isPartOf":{"@id":"https:\/\/crp.ba\/#website"},"primaryImageOfPage":{"@id":"https:\/\/crp.ba\/index.php\/vijesti\/#primaryimage"},"image":{"@id":"https:\/\/crp.ba\/index.php\/vijesti\/#primaryimage"},"thumbnailUrl":"https:\/\/crp.ba\/wp-content\/uploads\/2025\/04\/viber_slika_2025-03-07_11-22-20-783.jpg","datePublished":"2025-04-07T15:52:25+00:00","dateModified":"2025-04-07T15:54:16+00:00","description":"Najnovije vijesti i pozitivne pri\u010de iz zajednice koje promovi\u0161u solidarnost, saradnju i dru\u0161tvene promjene. Budite informisani i inspirisani svakim danom.","breadcrumb":{"@id":"https:\/\/crp.ba\/index.php\/vijesti\/#breadcrumb"},"inLanguage":"bs-BA","potentialAction":[{"@type":"ReadAction","target":["https:\/\/crp.ba\/index.php\/vijesti\/"]}]},{"@type":"ImageObject","inLanguage":"bs-BA","@id":"https:\/\/crp.ba\/index.php\/vijesti\/#primaryimage","url":"https:\/\/crp.ba\/wp-content\/uploads\/2025\/04\/viber_slika_2025-03-07_11-22-20-783.jpg","contentUrl":"https:\/\/crp.ba\/wp-content\/uploads\/2025\/04\/viber_slika_2025-03-07_11-22-20-783.jpg","width":1200,"height":1600},{"@type":"BreadcrumbList","@id":"https:\/\/crp.ba\/index.php\/vijesti\/#breadcrumb","itemListElement":[{"@type":"ListItem","position":1,"name":"Home","item":"https:\/\/crp.ba\/"},{"@type":"ListItem","position":2,"name":"Vijesti"}]},{"@type":"WebSite","@id":"https:\/\/crp.ba\/#website","url":"https:\/\/crp.ba\/","name":"CRP","description":"Centar za razvoj poduzetni\u0161tva","potentialAction":[{"@type":"SearchAction","target":{"@type":"EntryPoint","urlTemplate":"https:\/\/crp.ba\/?s={search_term_string}"},"query-input":{"@type":"PropertyValueSpecification","valueRequired":true,"valueName":"search_term_string"}}],"inLanguage":"bs-BA"}]}},"_links":{"self":[{"href":"https:\/\/crp.ba\/index.php\/wp-json\/wp\/v2\/pages\/4717","targetHints":{"allow":["GET"]}}],"collection":[{"href":"https:\/\/crp.ba\/index.php\/wp-json\/wp\/v2\/pages"}],"about":[{"href":"https:\/\/crp.ba\/index.php\/wp-json\/wp\/v2\/types\/page"}],"author":[{"embeddable":true,"href":"https:\/\/crp.ba\/index.php\/wp-json\/wp\/v2\/users\/6"}],"replies":[{"embeddable":true,"href":"https:\/\/crp.ba\/index.php\/wp-json\/wp\/v2\/comments?post=4717"}],"version-history":[{"count":4,"href":"https:\/\/crp.ba\/index.php\/wp-json\/wp\/v2\/pages\/4717\/revisions"}],"predecessor-version":[{"id":4721,"href":"https:\/\/crp.ba\/index.php\/wp-json\/wp\/v2\/pages\/4717\/revisions\/4721"}],"wp:featuredmedia":[{"embeddable":true,"href":"https:\/\/crp.ba\/index.php\/wp-json\/wp\/v2\/media\/4573"}],"wp:attachment":[{"href":"https:\/\/crp.ba\/index.php\/wp-json\/wp\/v2\/media?parent=4717"}],"curies":[{"name":"wp","href":"https:\/\/api.w.org\/{rel}","templated":true}]}}