{"id":5337,"date":"2026-03-31T01:01:56","date_gmt":"2026-03-31T01:01:56","guid":{"rendered":"https:\/\/crp.ba\/?page_id=5337"},"modified":"2026-03-31T01:01:56","modified_gmt":"2026-03-31T01:01:56","slug":"program-akceleracije-2026","status":"publish","type":"page","link":"https:\/\/crp.ba\/index.php\/program-akceleracije-2026\/","title":{"rendered":"Program akceleracije 2026"},"content":{"rendered":"\t\t<div data-elementor-type=\"wp-page\" data-elementor-id=\"5337\" class=\"elementor elementor-5337\" data-elementor-post-type=\"page\">\n\t\t\t\t<div class=\"elementor-element elementor-element-6df8489a e-con-full e-flex e-con e-parent\" data-id=\"6df8489a\" data-element_type=\"container\">\n\t\t<div class=\"elementor-element elementor-element-2874a5db e-con-full e-flex e-con e-child\" data-id=\"2874a5db\" data-element_type=\"container\">\n\t\t\t\t<div class=\"elementor-element elementor-element-7bb0b5de elementor-widget elementor-widget-heading\" data-id=\"7bb0b5de\" data-element_type=\"widget\" data-widget_type=\"heading.default\">\n\t\t\t\t<div class=\"elementor-widget-container\">\n\t\t\t\t\t<h1 class=\"elementor-heading-title elementor-size-default\"><h1 style=\"font-size: 52px;letter-spacing: normal;text-align: left\">Apliciraj na program akceleracije<\/h1><\/h1>\t\t\t\t<\/div>\n\t\t\t\t<\/div>\n\t\t\t\t<div class=\"elementor-element elementor-element-07bd288 animated-slow elementor-invisible elementor-widget elementor-widget-button\" data-id=\"07bd288\" data-element_type=\"widget\" data-settings=\"{&quot;_animation&quot;:&quot;themeFadeInDown&quot;}\" data-widget_type=\"button.default\">\n\t\t\t\t<div class=\"elementor-widget-container\">\n\t\t\t\t\t\t\t\t\t<div class=\"elementor-button-wrapper\">\n\t\t\t\t\t<a class=\"elementor-button elementor-button-link elementor-size-sm\" href=\"https:\/\/mpks-web.vercel.app\">\n\t\t\t\t\t\t<span class=\"elementor-button-content-wrapper\">\n\t\t\t\t\t\t\t\t\t<span class=\"elementor-button-text\">Apliciraj OVDJE<\/span>\n\t\t\t\t\t<\/span>\n\t\t\t\t\t<\/a>\n\t\t\t\t<\/div>\n\t\t\t\t\t\t\t\t<\/div>\n\t\t\t\t<\/div>\n\t\t\t\t<div class=\"elementor-element elementor-element-3d58d7d5 elementor-widget elementor-widget-text-editor\" data-id=\"3d58d7d5\" data-element_type=\"widget\" data-widget_type=\"text-editor.default\">\n\t\t\t\t<div class=\"elementor-widget-container\">\n\t\t\t\t\t\t\t\t\t<p>Centar za razvoj poduzetni\u0161tva (CRP) pri Javnoj ustanovi &#8220;Centar za napredne tehnologije u Sarajevu&#8221; (CNT) objavljuje <strong>Javni poziv za prijavu poslovnih ideja startupa radi u\u010de\u0161\u0107a u programu poduzetni\u010dke akceleracije.\u00a0<\/strong><\/p><p><strong>Javni poziv mo\u017eete preuzeti na <a href=\"https:\/\/crp.ba\/wp-content\/uploads\/2025\/07\/1.1.Javni-poziva-za-prijavu-poslovnih-ideja-startapa.pdf\">linku<\/a>.<\/strong>\u00a0<\/p><p>Tako\u0111er, Centar za razvoj poduzetnistva (CRP) pri Javnoj ustanovi &#8220;Centar za napredne tehnologije u Sarajevu&#8221; (CNT) objavljuje <strong>Javni poziv za prijavu fizi\u010dkih i pravnih lica za formiranje baze investitora koji \u0107e u\u010destvovati u programu poduzetni\u010dke akceleracije.\u00a0<\/strong><\/p><p><strong>Javni poziv mo\u017eete preuzeti na <a href=\"https:\/\/crp.ba\/wp-content\/uploads\/2025\/07\/1.1.Javni_poziva-za-prijavu-SEED-investitora.pdf\">linku<\/a>.<\/strong><\/p><p><strong>Izjave koje je neophodno uploadovati, ukoliko ste investitor, nalaze se ispod:<\/strong><br \/><a href=\"https:\/\/crp.ba\/wp-content\/uploads\/2025\/07\/Izjava-o-povjerljivosti.docx\">1. Izjava o povjerljivosti<\/a><br \/><a href=\"https:\/\/crp.ba\/wp-content\/uploads\/2025\/07\/Izjava-o-reputaciji-i-historiji-ulaganja.docx\">2. Izjava o reputaciji i historiji ulaganja<\/a><br \/><a href=\"https:\/\/crp.ba\/wp-content\/uploads\/2025\/07\/Izjava-o-nekaznjavanju.docx\">3. Izjava o neka\u017enjavanju.<\/a><\/p><p><strong>Rok za apliciranje na navedene pozive: 18.8.2025. do 23:59h.\u00a0<\/strong><\/p>\t\t\t\t\t\t\t\t<\/div>\n\t\t\t\t<\/div>\n\t\t\t\t<\/div>\n\t\t<div class=\"elementor-element elementor-element-26c2a6a4 e-con-full animated-slow e-flex elementor-invisible e-con e-child\" data-id=\"26c2a6a4\" data-element_type=\"container\" data-settings=\"{&quot;animation&quot;:&quot;fadeInRight&quot;}\">\n\t\t<div class=\"elementor-element elementor-element-72c33355 e-con-full e-flex e-con e-child\" data-id=\"72c33355\" data-element_type=\"container\">\n\t\t<div class=\"elementor-element elementor-element-23a873c3 e-con-full e-flex e-con e-child\" data-id=\"23a873c3\" data-element_type=\"container\" data-settings=\"{&quot;background_background&quot;:&quot;slideshow&quot;,&quot;background_slideshow_gallery&quot;:[{&quot;id&quot;:4731,&quot;url&quot;:&quot;https:\\\/\\\/crp.ba\\\/wp-content\\\/uploads\\\/2025\\\/04\\\/viber_slika_2025-04-04_13-14-56-331-1.jpg&quot;},{&quot;id&quot;:4732,&quot;url&quot;:&quot;https:\\\/\\\/crp.ba\\\/wp-content\\\/uploads\\\/2025\\\/04\\\/viber_slika_2025-04-04_13-14-56-391-1.jpg&quot;},{&quot;id&quot;:4733,&quot;url&quot;:&quot;https:\\\/\\\/crp.ba\\\/wp-content\\\/uploads\\\/2025\\\/04\\\/viber_slika_2025-04-04_13-14-56-443-1.jpg&quot;},{&quot;id&quot;:4581,&quot;url&quot;:&quot;https:\\\/\\\/crp.ba\\\/wp-content\\\/uploads\\\/2025\\\/04\\\/viber_slika_2025-04-04_13-06-31-274.jpg&quot;},{&quot;id&quot;:4576,&quot;url&quot;:&quot;https:\\\/\\\/crp.ba\\\/wp-content\\\/uploads\\\/2025\\\/04\\\/viber_slika_2025-03-07_11-36-35-456.jpg&quot;}],&quot;background_slideshow_loop&quot;:&quot;yes&quot;,&quot;background_slideshow_slide_duration&quot;:5000,&quot;background_slideshow_slide_transition&quot;:&quot;fade&quot;,&quot;background_slideshow_transition_duration&quot;:500}\">\n\t\t\t\t<\/div>\n\t\t<div class=\"elementor-element elementor-element-70fbc45b e-con-full e-flex e-con e-child\" data-id=\"70fbc45b\" data-element_type=\"container\" data-settings=\"{&quot;background_background&quot;:&quot;classic&quot;}\">\n\t\t\t\t<div class=\"elementor-element elementor-element-12f0e1ed elementor-widget elementor-widget-counter\" data-id=\"12f0e1ed\" data-element_type=\"widget\" data-widget_type=\"counter.default\">\n\t\t\t\t<div class=\"elementor-widget-container\">\n\t\t\t\t\t\t\t<div class=\"elementor-counter\">\n\t\t\t<div class=\"elementor-counter-title\">Projekata<\/div>\t\t\t<div class=\"elementor-counter-number-wrapper\">\n\t\t\t\t<span class=\"elementor-counter-number-prefix\"><\/span>\n\t\t\t\t<span class=\"elementor-counter-number\" data-duration=\"2000\" data-to-value=\"25\" data-from-value=\"0\" data-delimiter=\",\">0<\/span>\n\t\t\t\t<span class=\"elementor-counter-number-suffix\">+<\/span>\n\t\t\t<\/div>\n\t\t<\/div>\n\t\t\t\t\t\t<\/div>\n\t\t\t\t<\/div>\n\t\t\t\t<div class=\"elementor-element elementor-element-2dc1848 elementor-widget elementor-widget-counter\" data-id=\"2dc1848\" data-element_type=\"widget\" data-widget_type=\"counter.default\">\n\t\t\t\t<div class=\"elementor-widget-container\">\n\t\t\t\t\t\t\t<div class=\"elementor-counter\">\n\t\t\t<div class=\"elementor-counter-title\">Mentora<\/div>\t\t\t<div class=\"elementor-counter-number-wrapper\">\n\t\t\t\t<span class=\"elementor-counter-number-prefix\"><\/span>\n\t\t\t\t<span class=\"elementor-counter-number\" data-duration=\"2000\" data-to-value=\"10\" data-from-value=\"0\" data-delimiter=\",\">0<\/span>\n\t\t\t\t<span class=\"elementor-counter-number-suffix\">+<\/span>\n\t\t\t<\/div>\n\t\t<\/div>\n\t\t\t\t\t\t<\/div>\n\t\t\t\t<\/div>\n\t\t\t\t<\/div>\n\t\t\t\t<\/div>\n\t\t<div class=\"elementor-element elementor-element-16d3cf86 e-con-full e-flex e-con e-child\" data-id=\"16d3cf86\" data-element_type=\"container\">\n\t\t<div class=\"elementor-element elementor-element-77071497 e-con-full e-flex e-con e-child\" data-id=\"77071497\" data-element_type=\"container\" data-settings=\"{&quot;background_background&quot;:&quot;classic&quot;}\">\n\t\t\t\t<div class=\"elementor-element elementor-element-400496d5 elementor-widget elementor-widget-elementskit-video\" data-id=\"400496d5\" data-element_type=\"widget\" data-widget_type=\"elementskit-video.default\">\n\t\t\t\t<div class=\"elementor-widget-container\">\n\t\t\t\t\t<div class=\"ekit-wid-con\" >\t\t<div class=\"video-content\" data-video-player=\"[]\" data-video-setting=\"{&quot;videoVolume&quot;:&quot;horizontal&quot;,&quot;startVolume&quot;:0.8,&quot;videoType&quot;:&quot;iframe&quot;,&quot;videoClass&quot;:&quot;mfp-fade&quot;}\">\n\t\t\t\n<a class=\"ekit_icon_button glow-btn ekit-video-popup ekit-video-popup-btn\" href=\"https:\/\/www.youtube.com\/embed\/4-OKXqYLukM?feature=oembed?playlist=4-OKXqYLukM&amp;mute=0&amp;autoplay=0&amp;loop=no&amp;controls=0&amp;start=0&amp;end=\" aria-label=\"video-popup\">\n\t\t\t\t<i aria-hidden=\"true\" class=\"icon icon-play\"><\/i>\t\t<\/a>\n\t\t\t\t\t<\/div>\n\t\t<\/div>\t\t\t\t<\/div>\n\t\t\t\t<\/div>\n\t\t\t\t<\/div>\n\t\t\t\t<\/div>\n\t\t\t\t<\/div>\n\t\t\t\t<\/div>\n\t\t\t\t<\/div>\n\t\t","protected":false},"excerpt":{"rendered":"<p>Apliciraj na program akceleracije Apliciraj OVDJE Centar za razvoj poduzetni\u0161tva (CRP) pri Javnoj ustanovi &#8220;Centar za napredne tehnologije u Sarajevu&#8221; (CNT) objavljuje Javni poziv za prijavu poslovnih ideja startupa radi u\u010de\u0161\u0107a u programu poduzetni\u010dke akceleracije.\u00a0 Javni poziv mo\u017eete preuzeti na linku.\u00a0 Tako\u0111er, Centar za razvoj poduzetnistva (CRP) pri Javnoj ustanovi &#8220;Centar za napredne tehnologije u [&hellip;]<\/p>\n","protected":false},"author":6,"featured_media":0,"parent":0,"menu_order":0,"comment_status":"closed","ping_status":"closed","template":"","meta":{"footnotes":""},"class_list":["post-5337","page","type-page","status-publish","hentry"],"yoast_head":"<!-- This site is optimized with the Yoast SEO plugin v27.1.1 - https:\/\/yoast.com\/product\/yoast-seo-wordpress\/ -->\n<title>Program akceleracije 2026 - CRP<\/title>\n<meta name=\"description\" content=\"OJ Centar za razvoj poduzetni\u0161tva pri JU \u201cCentar za napredne tehnologije u Sarajevu\u201d u koordinaciji sa Ministarstvom privrede KS raspisuje javni poziv za startupe i scaleupe koji \u017eele da se prijave za program akceleracije, kao i za investitore koji \u017eele da pregledaju kvalitet biznis ideja i odlu\u010de da li \u0107e investirati u odabrane startupe i scaleupe.\" \/>\n<meta name=\"robots\" content=\"index, follow, max-snippet:-1, max-image-preview:large, max-video-preview:-1\" \/>\n<link rel=\"canonical\" href=\"https:\/\/crp.ba\/index.php\/program-akceleracije-2026\/\" \/>\n<meta property=\"og:locale\" content=\"bs_BA\" \/>\n<meta property=\"og:type\" content=\"article\" \/>\n<meta property=\"og:title\" content=\"Program akceleracije 2026 - CRP\" \/>\n<meta property=\"og:description\" content=\"OJ Centar za razvoj poduzetni\u0161tva pri JU \u201cCentar za napredne tehnologije u Sarajevu\u201d u koordinaciji sa Ministarstvom privrede KS raspisuje javni poziv za startupe i scaleupe koji \u017eele da se prijave za program akceleracije, kao i za investitore koji \u017eele da pregledaju kvalitet biznis ideja i odlu\u010de da li \u0107e investirati u odabrane startupe i scaleupe.\" \/>\n<meta property=\"og:url\" content=\"https:\/\/crp.ba\/index.php\/program-akceleracije-2026\/\" \/>\n<meta property=\"og:site_name\" content=\"CRP\" \/>\n<meta name=\"twitter:card\" content=\"summary_large_image\" \/>\n<meta name=\"twitter:label1\" content=\"Est. reading time\" \/>\n\t<meta name=\"twitter:data1\" content=\"1 minuta\" \/>\n<script type=\"application\/ld+json\" class=\"yoast-schema-graph\">{\"@context\":\"https:\/\/schema.org\",\"@graph\":[{\"@type\":\"WebPage\",\"@id\":\"https:\/\/crp.ba\/index.php\/program-akceleracije-2026\/\",\"url\":\"https:\/\/crp.ba\/index.php\/program-akceleracije-2026\/\",\"name\":\"Program akceleracije 2026 - CRP\",\"isPartOf\":{\"@id\":\"https:\/\/crp.ba\/#website\"},\"datePublished\":\"2026-03-31T01:01:56+00:00\",\"description\":\"OJ Centar za razvoj poduzetni\u0161tva pri JU \u201cCentar za napredne tehnologije u Sarajevu\u201d u koordinaciji sa Ministarstvom privrede KS raspisuje javni poziv za startupe i scaleupe koji \u017eele da se prijave za program akceleracije, kao i za investitore koji \u017eele da pregledaju kvalitet biznis ideja i odlu\u010de da li \u0107e investirati u odabrane startupe i scaleupe.\",\"breadcrumb\":{\"@id\":\"https:\/\/crp.ba\/index.php\/program-akceleracije-2026\/#breadcrumb\"},\"inLanguage\":\"bs-BA\",\"potentialAction\":[{\"@type\":\"ReadAction\",\"target\":[\"https:\/\/crp.ba\/index.php\/program-akceleracije-2026\/\"]}]},{\"@type\":\"BreadcrumbList\",\"@id\":\"https:\/\/crp.ba\/index.php\/program-akceleracije-2026\/#breadcrumb\",\"itemListElement\":[{\"@type\":\"ListItem\",\"position\":1,\"name\":\"Home\",\"item\":\"https:\/\/crp.ba\/\"},{\"@type\":\"ListItem\",\"position\":2,\"name\":\"Program akceleracije 2026\"}]},{\"@type\":\"WebSite\",\"@id\":\"https:\/\/crp.ba\/#website\",\"url\":\"https:\/\/crp.ba\/\",\"name\":\"CRP\",\"description\":\"Centar za razvoj poduzetni\u0161tva\",\"potentialAction\":[{\"@type\":\"SearchAction\",\"target\":{\"@type\":\"EntryPoint\",\"urlTemplate\":\"https:\/\/crp.ba\/?s={search_term_string}\"},\"query-input\":{\"@type\":\"PropertyValueSpecification\",\"valueRequired\":true,\"valueName\":\"search_term_string\"}}],\"inLanguage\":\"bs-BA\"}]}<\/script>\n<!-- \/ Yoast SEO plugin. -->","yoast_head_json":{"title":"Program akceleracije 2026 - CRP","description":"OJ Centar za razvoj poduzetni\u0161tva pri JU \u201cCentar za napredne tehnologije u Sarajevu\u201d u koordinaciji sa Ministarstvom privrede KS raspisuje javni poziv za startupe i scaleupe koji \u017eele da se prijave za program akceleracije, kao i za investitore koji \u017eele da pregledaju kvalitet biznis ideja i odlu\u010de da li \u0107e investirati u odabrane startupe i scaleupe.","robots":{"index":"index","follow":"follow","max-snippet":"max-snippet:-1","max-image-preview":"max-image-preview:large","max-video-preview":"max-video-preview:-1"},"canonical":"https:\/\/crp.ba\/index.php\/program-akceleracije-2026\/","og_locale":"bs_BA","og_type":"article","og_title":"Program akceleracije 2026 - CRP","og_description":"OJ Centar za razvoj poduzetni\u0161tva pri JU \u201cCentar za napredne tehnologije u Sarajevu\u201d u koordinaciji sa Ministarstvom privrede KS raspisuje javni poziv za startupe i scaleupe koji \u017eele da se prijave za program akceleracije, kao i za investitore koji \u017eele da pregledaju kvalitet biznis ideja i odlu\u010de da li \u0107e investirati u odabrane startupe i scaleupe.","og_url":"https:\/\/crp.ba\/index.php\/program-akceleracije-2026\/","og_site_name":"CRP","twitter_card":"summary_large_image","twitter_misc":{"Est. reading time":"1 minuta"},"schema":{"@context":"https:\/\/schema.org","@graph":[{"@type":"WebPage","@id":"https:\/\/crp.ba\/index.php\/program-akceleracije-2026\/","url":"https:\/\/crp.ba\/index.php\/program-akceleracije-2026\/","name":"Program akceleracije 2026 - CRP","isPartOf":{"@id":"https:\/\/crp.ba\/#website"},"datePublished":"2026-03-31T01:01:56+00:00","description":"OJ Centar za razvoj poduzetni\u0161tva pri JU \u201cCentar za napredne tehnologije u Sarajevu\u201d u koordinaciji sa Ministarstvom privrede KS raspisuje javni poziv za startupe i scaleupe koji \u017eele da se prijave za program akceleracije, kao i za investitore koji \u017eele da pregledaju kvalitet biznis ideja i odlu\u010de da li \u0107e investirati u odabrane startupe i scaleupe.","breadcrumb":{"@id":"https:\/\/crp.ba\/index.php\/program-akceleracije-2026\/#breadcrumb"},"inLanguage":"bs-BA","potentialAction":[{"@type":"ReadAction","target":["https:\/\/crp.ba\/index.php\/program-akceleracije-2026\/"]}]},{"@type":"BreadcrumbList","@id":"https:\/\/crp.ba\/index.php\/program-akceleracije-2026\/#breadcrumb","itemListElement":[{"@type":"ListItem","position":1,"name":"Home","item":"https:\/\/crp.ba\/"},{"@type":"ListItem","position":2,"name":"Program akceleracije 2026"}]},{"@type":"WebSite","@id":"https:\/\/crp.ba\/#website","url":"https:\/\/crp.ba\/","name":"CRP","description":"Centar za razvoj poduzetni\u0161tva","potentialAction":[{"@type":"SearchAction","target":{"@type":"EntryPoint","urlTemplate":"https:\/\/crp.ba\/?s={search_term_string}"},"query-input":{"@type":"PropertyValueSpecification","valueRequired":true,"valueName":"search_term_string"}}],"inLanguage":"bs-BA"}]}},"_links":{"self":[{"href":"https:\/\/crp.ba\/index.php\/wp-json\/wp\/v2\/pages\/5337","targetHints":{"allow":["GET"]}}],"collection":[{"href":"https:\/\/crp.ba\/index.php\/wp-json\/wp\/v2\/pages"}],"about":[{"href":"https:\/\/crp.ba\/index.php\/wp-json\/wp\/v2\/types\/page"}],"author":[{"embeddable":true,"href":"https:\/\/crp.ba\/index.php\/wp-json\/wp\/v2\/users\/6"}],"replies":[{"embeddable":true,"href":"https:\/\/crp.ba\/index.php\/wp-json\/wp\/v2\/comments?post=5337"}],"version-history":[{"count":1,"href":"https:\/\/crp.ba\/index.php\/wp-json\/wp\/v2\/pages\/5337\/revisions"}],"predecessor-version":[{"id":5338,"href":"https:\/\/crp.ba\/index.php\/wp-json\/wp\/v2\/pages\/5337\/revisions\/5338"}],"wp:attachment":[{"href":"https:\/\/crp.ba\/index.php\/wp-json\/wp\/v2\/media?parent=5337"}],"curies":[{"name":"wp","href":"https:\/\/api.w.org\/{rel}","templated":true}]}}